{"id":8490,"date":"2026-01-03T20:12:40","date_gmt":"2026-01-03T20:12:40","guid":{"rendered":"https:\/\/hovawartzucht.de\/?page_id=8490"},"modified":"2026-04-29T06:37:34","modified_gmt":"2026-04-29T06:37:34","slug":"aktuelles-2026","status":"publish","type":"page","link":"https:\/\/hovawartzucht.de\/?page_id=8490","title":{"rendered":"Aktuelles"},"content":{"rendered":"\n<p><strong>Der  P-Wurf vom Wildweibchenstein wird am 10. Mai erwartet.<\/strong><br>F\u00fcr Welpen-Anfragen d\u00fcrft Ihr gerne unser <strong><a href=\"https:\/\/hovawartzucht.de\/?page_id=33\">Kontaktformular<\/a> <\/strong>nutzen.<br>Es ist auch m\u00f6chtich, uns eine WhatsApp zu senden, per Anruf oder dem Messenger zu kontaktieren. Wir freuen und. <strong>Vielen Dank<\/strong> <strong>daf\u00fcr<\/strong>.<\/p>\n\n\n\n<div class=\"wp-block-buttons is-content-justification-center is-layout-flex wp-container-core-buttons-is-layout-1 wp-block-buttons-is-layout-flex\">\n<div class=\"wp-block-button\"><a class=\"wp-block-button__link has-text-align-center wp-element-button\">Interesse? Meldet Euch gerne!<\/a><\/div>\n<\/div>\n\n\n\n<p>Wir verbrachten ein letztes, verl\u00e4ngertes Wochenende vor Kikis Wurf bei und mit Freunden zusammen &#8211; eine unersetzliche Zeit \ud83d\ude42 Hier konnte <strong>Gatia mit ihren Kindern James und Kiki und Kumpel Bailor <\/strong>an den Strand und die Gang hatte zusammen mit all den anderen freilaufenden Vierbeinern viel Freude. Ausz\u00fcge eines entspannten Wochenendes seht  ihn in der Galerie unten:<\/p>\n\n\n\n<figure class=\"wp-block-gallery has-nested-images columns-default is-cropped wp-block-gallery-1 is-layout-flex wp-block-gallery-is-layout-flex\">\n<figure class=\"wp-block-image size-large\"><a href=\"https:\/\/hovawartzucht.de\/wp-content\/uploads\/2026\/04\/DSC_0031-1-scaled.jpg\"><img loading=\"lazy\" decoding=\"async\" width=\"1024\" height=\"713\" data-id=\"8864\" src=\"https:\/\/hovawartzucht.de\/wp-content\/uploads\/2026\/04\/DSC_0031-1-1024x713.jpg\" alt=\"\" class=\"wp-image-8864\" srcset=\"https:\/\/hovawartzucht.de\/wp-content\/uploads\/2026\/04\/DSC_0031-1-1024x713.jpg 1024w, https:\/\/hovawartzucht.de\/wp-content\/uploads\/2026\/04\/DSC_0031-1-300x209.jpg 300w, https:\/\/hovawartzucht.de\/wp-content\/uploads\/2026\/04\/DSC_0031-1-768x535.jpg 768w, https:\/\/hovawartzucht.de\/wp-content\/uploads\/2026\/04\/DSC_0031-1-1536x1070.jpg 1536w, https:\/\/hovawartzucht.de\/wp-content\/uploads\/2026\/04\/DSC_0031-1-2048x1426.jpg 2048w, https:\/\/hovawartzucht.de\/wp-content\/uploads\/2026\/04\/DSC_0031-1-431x300.jpg 431w\" sizes=\"auto, (max-width: 1024px) 100vw, 1024px\" \/><\/a><\/figure>\n\n\n\n<figure class=\"wp-block-image size-large\"><a href=\"https:\/\/hovawartzucht.de\/wp-content\/uploads\/2026\/04\/DSC_0011-1-scaled.jpg\"><img loading=\"lazy\" decoding=\"async\" width=\"1024\" height=\"678\" data-id=\"8865\" src=\"https:\/\/hovawartzucht.de\/wp-content\/uploads\/2026\/04\/DSC_0011-1-1024x678.jpg\" alt=\"\" class=\"wp-image-8865\" srcset=\"https:\/\/hovawartzucht.de\/wp-content\/uploads\/2026\/04\/DSC_0011-1-1024x678.jpg 1024w, https:\/\/hovawartzucht.de\/wp-content\/uploads\/2026\/04\/DSC_0011-1-300x199.jpg 300w, https:\/\/hovawartzucht.de\/wp-content\/uploads\/2026\/04\/DSC_0011-1-768x509.jpg 768w, https:\/\/hovawartzucht.de\/wp-content\/uploads\/2026\/04\/DSC_0011-1-1536x1017.jpg 1536w, https:\/\/hovawartzucht.de\/wp-content\/uploads\/2026\/04\/DSC_0011-1-2048x1356.jpg 2048w, https:\/\/hovawartzucht.de\/wp-content\/uploads\/2026\/04\/DSC_0011-1-453x300.jpg 453w\" sizes=\"auto, (max-width: 1024px) 100vw, 1024px\" \/><\/a><\/figure>\n\n\n\n<figure class=\"wp-block-image size-large\"><a href=\"https:\/\/hovawartzucht.de\/wp-content\/uploads\/2026\/04\/DSC_0006-scaled.jpg\"><img loading=\"lazy\" decoding=\"async\" width=\"1024\" height=\"653\" data-id=\"8863\" src=\"https:\/\/hovawartzucht.de\/wp-content\/uploads\/2026\/04\/DSC_0006-1024x653.jpg\" alt=\"\" class=\"wp-image-8863\" srcset=\"https:\/\/hovawartzucht.de\/wp-content\/uploads\/2026\/04\/DSC_0006-1024x653.jpg 1024w, https:\/\/hovawartzucht.de\/wp-content\/uploads\/2026\/04\/DSC_0006-300x191.jpg 300w, https:\/\/hovawartzucht.de\/wp-content\/uploads\/2026\/04\/DSC_0006-768x490.jpg 768w, https:\/\/hovawartzucht.de\/wp-content\/uploads\/2026\/04\/DSC_0006-1536x980.jpg 1536w, https:\/\/hovawartzucht.de\/wp-content\/uploads\/2026\/04\/DSC_0006-2048x1306.jpg 2048w, https:\/\/hovawartzucht.de\/wp-content\/uploads\/2026\/04\/DSC_0006-470x300.jpg 470w\" sizes=\"auto, (max-width: 1024px) 100vw, 1024px\" \/><\/a><\/figure>\n\n\n\n<figure class=\"wp-block-image size-large\"><a href=\"https:\/\/hovawartzucht.de\/wp-content\/uploads\/2026\/04\/DSC_0091-scaled.jpg\"><img loading=\"lazy\" decoding=\"async\" width=\"1024\" height=\"678\" data-id=\"8872\" src=\"https:\/\/hovawartzucht.de\/wp-content\/uploads\/2026\/04\/DSC_0091-1024x678.jpg\" alt=\"\" class=\"wp-image-8872\" srcset=\"https:\/\/hovawartzucht.de\/wp-content\/uploads\/2026\/04\/DSC_0091-1024x678.jpg 1024w, https:\/\/hovawartzucht.de\/wp-content\/uploads\/2026\/04\/DSC_0091-300x199.jpg 300w, https:\/\/hovawartzucht.de\/wp-content\/uploads\/2026\/04\/DSC_0091-768x509.jpg 768w, https:\/\/hovawartzucht.de\/wp-content\/uploads\/2026\/04\/DSC_0091-1536x1017.jpg 1536w, https:\/\/hovawartzucht.de\/wp-content\/uploads\/2026\/04\/DSC_0091-2048x1356.jpg 2048w, https:\/\/hovawartzucht.de\/wp-content\/uploads\/2026\/04\/DSC_0091-453x300.jpg 453w\" sizes=\"auto, (max-width: 1024px) 100vw, 1024px\" \/><\/a><\/figure>\n\n\n\n<figure class=\"wp-block-image size-large\"><a href=\"https:\/\/hovawartzucht.de\/wp-content\/uploads\/2026\/04\/DSC_0075-scaled.jpg\"><img loading=\"lazy\" decoding=\"async\" width=\"1024\" height=\"678\" data-id=\"8871\" src=\"https:\/\/hovawartzucht.de\/wp-content\/uploads\/2026\/04\/DSC_0075-1024x678.jpg\" alt=\"\" class=\"wp-image-8871\" srcset=\"https:\/\/hovawartzucht.de\/wp-content\/uploads\/2026\/04\/DSC_0075-1024x678.jpg 1024w, https:\/\/hovawartzucht.de\/wp-content\/uploads\/2026\/04\/DSC_0075-300x199.jpg 300w, https:\/\/hovawartzucht.de\/wp-content\/uploads\/2026\/04\/DSC_0075-768x509.jpg 768w, https:\/\/hovawartzucht.de\/wp-content\/uploads\/2026\/04\/DSC_0075-1536x1017.jpg 1536w, https:\/\/hovawartzucht.de\/wp-content\/uploads\/2026\/04\/DSC_0075-2048x1356.jpg 2048w, https:\/\/hovawartzucht.de\/wp-content\/uploads\/2026\/04\/DSC_0075-453x300.jpg 453w\" sizes=\"auto, (max-width: 1024px) 100vw, 1024px\" \/><\/a><\/figure>\n\n\n\n<figure class=\"wp-block-image size-large\"><a href=\"https:\/\/hovawartzucht.de\/wp-content\/uploads\/2026\/04\/DSC_0135-scaled.jpg\"><img loading=\"lazy\" decoding=\"async\" width=\"1024\" height=\"678\" data-id=\"8869\" src=\"https:\/\/hovawartzucht.de\/wp-content\/uploads\/2026\/04\/DSC_0135-1024x678.jpg\" alt=\"\" class=\"wp-image-8869\" srcset=\"https:\/\/hovawartzucht.de\/wp-content\/uploads\/2026\/04\/DSC_0135-1024x678.jpg 1024w, https:\/\/hovawartzucht.de\/wp-content\/uploads\/2026\/04\/DSC_0135-300x199.jpg 300w, https:\/\/hovawartzucht.de\/wp-content\/uploads\/2026\/04\/DSC_0135-768x509.jpg 768w, https:\/\/hovawartzucht.de\/wp-content\/uploads\/2026\/04\/DSC_0135-1536x1017.jpg 1536w, https:\/\/hovawartzucht.de\/wp-content\/uploads\/2026\/04\/DSC_0135-2048x1356.jpg 2048w, https:\/\/hovawartzucht.de\/wp-content\/uploads\/2026\/04\/DSC_0135-453x300.jpg 453w\" sizes=\"auto, (max-width: 1024px) 100vw, 1024px\" \/><\/a><\/figure>\n\n\n\n<figure class=\"wp-block-image size-large\"><a href=\"https:\/\/hovawartzucht.de\/wp-content\/uploads\/2026\/04\/DSC_0070-scaled.jpg\"><img loading=\"lazy\" decoding=\"async\" width=\"1024\" height=\"678\" data-id=\"8867\" src=\"https:\/\/hovawartzucht.de\/wp-content\/uploads\/2026\/04\/DSC_0070-1024x678.jpg\" alt=\"\" class=\"wp-image-8867\" srcset=\"https:\/\/hovawartzucht.de\/wp-content\/uploads\/2026\/04\/DSC_0070-1024x678.jpg 1024w, https:\/\/hovawartzucht.de\/wp-content\/uploads\/2026\/04\/DSC_0070-300x199.jpg 300w, https:\/\/hovawartzucht.de\/wp-content\/uploads\/2026\/04\/DSC_0070-768x509.jpg 768w, https:\/\/hovawartzucht.de\/wp-content\/uploads\/2026\/04\/DSC_0070-1536x1017.jpg 1536w, https:\/\/hovawartzucht.de\/wp-content\/uploads\/2026\/04\/DSC_0070-2048x1356.jpg 2048w, https:\/\/hovawartzucht.de\/wp-content\/uploads\/2026\/04\/DSC_0070-453x300.jpg 453w\" sizes=\"auto, (max-width: 1024px) 100vw, 1024px\" \/><\/a><\/figure>\n\n\n\n<figure class=\"wp-block-image size-large\"><a href=\"https:\/\/hovawartzucht.de\/wp-content\/uploads\/2026\/04\/DSC_0167-scaled.jpg\"><img loading=\"lazy\" decoding=\"async\" width=\"1024\" height=\"678\" data-id=\"8870\" src=\"https:\/\/hovawartzucht.de\/wp-content\/uploads\/2026\/04\/DSC_0167-1024x678.jpg\" alt=\"\" class=\"wp-image-8870\" srcset=\"https:\/\/hovawartzucht.de\/wp-content\/uploads\/2026\/04\/DSC_0167-1024x678.jpg 1024w, https:\/\/hovawartzucht.de\/wp-content\/uploads\/2026\/04\/DSC_0167-300x199.jpg 300w, https:\/\/hovawartzucht.de\/wp-content\/uploads\/2026\/04\/DSC_0167-768x509.jpg 768w, https:\/\/hovawartzucht.de\/wp-content\/uploads\/2026\/04\/DSC_0167-1536x1017.jpg 1536w, https:\/\/hovawartzucht.de\/wp-content\/uploads\/2026\/04\/DSC_0167-2048x1356.jpg 2048w, https:\/\/hovawartzucht.de\/wp-content\/uploads\/2026\/04\/DSC_0167-453x300.jpg 453w\" sizes=\"auto, (max-width: 1024px) 100vw, 1024px\" \/><\/a><\/figure>\n\n\n\n<figure class=\"wp-block-image size-large\"><a href=\"https:\/\/hovawartzucht.de\/wp-content\/uploads\/2026\/04\/DSC_0054-scaled.jpg\"><img loading=\"lazy\" decoding=\"async\" width=\"1024\" height=\"678\" data-id=\"8866\" src=\"https:\/\/hovawartzucht.de\/wp-content\/uploads\/2026\/04\/DSC_0054-1024x678.jpg\" alt=\"\" class=\"wp-image-8866\" srcset=\"https:\/\/hovawartzucht.de\/wp-content\/uploads\/2026\/04\/DSC_0054-1024x678.jpg 1024w, https:\/\/hovawartzucht.de\/wp-content\/uploads\/2026\/04\/DSC_0054-300x199.jpg 300w, https:\/\/hovawartzucht.de\/wp-content\/uploads\/2026\/04\/DSC_0054-768x509.jpg 768w, https:\/\/hovawartzucht.de\/wp-content\/uploads\/2026\/04\/DSC_0054-1536x1017.jpg 1536w, https:\/\/hovawartzucht.de\/wp-content\/uploads\/2026\/04\/DSC_0054-2048x1356.jpg 2048w, https:\/\/hovawartzucht.de\/wp-content\/uploads\/2026\/04\/DSC_0054-453x300.jpg 453w\" sizes=\"auto, (max-width: 1024px) 100vw, 1024px\" \/><\/a><\/figure>\n\n\n\n<figure class=\"wp-block-image size-large\"><a href=\"https:\/\/hovawartzucht.de\/wp-content\/uploads\/2026\/04\/DSC_0045-scaled.jpg\"><img loading=\"lazy\" decoding=\"async\" width=\"1024\" height=\"678\" data-id=\"8868\" src=\"https:\/\/hovawartzucht.de\/wp-content\/uploads\/2026\/04\/DSC_0045-1024x678.jpg\" alt=\"\" class=\"wp-image-8868\" srcset=\"https:\/\/hovawartzucht.de\/wp-content\/uploads\/2026\/04\/DSC_0045-1024x678.jpg 1024w, https:\/\/hovawartzucht.de\/wp-content\/uploads\/2026\/04\/DSC_0045-300x199.jpg 300w, https:\/\/hovawartzucht.de\/wp-content\/uploads\/2026\/04\/DSC_0045-768x509.jpg 768w, https:\/\/hovawartzucht.de\/wp-content\/uploads\/2026\/04\/DSC_0045-1536x1017.jpg 1536w, https:\/\/hovawartzucht.de\/wp-content\/uploads\/2026\/04\/DSC_0045-2048x1356.jpg 2048w, https:\/\/hovawartzucht.de\/wp-content\/uploads\/2026\/04\/DSC_0045-453x300.jpg 453w\" sizes=\"auto, (max-width: 1024px) 100vw, 1024px\" \/><\/a><\/figure>\n<\/figure>\n\n\n\n<hr class=\"wp-block-separator has-alpha-channel-opacity\"\/>\n\n\n\n<p><strong>7. April 2026<\/strong> Es gibt zwei sch\u00f6ne Gr\u00fcnde mehr um uns ganz leise nach dem Osterfest zur\u00fcck zu melden. Nach 4 ruhigen Wochen haben wir <strong>KIKI<\/strong> dem Tierarzt vorgestellt.<br>Beim Ultraschall konnte er auf den ersten Blick 4-5 ihrer F\u00f6ten erkennen. Wir waren so aufgeregt und unglaublich freudig \u00fcberrascht von dem Anblick! Wie es bei grossen Hunden \u00fcblich ist, wird es einen gr\u00f6\u00dferen Wurf geben, als bei Ultraschall gesehen werden kann.<br><strong>Kiki tr\u00e4gt<\/strong> und selbstverst\u00e4ndlich beobachten wir sie nun noch aufmerksamer \ud83d\ude42<br><img loading=\"lazy\" decoding=\"async\" width=\"100\" height=\"178\" class=\"wp-image-8780\" style=\"width: 100px;\" src=\"https:\/\/hovawartzucht.de\/wp-content\/uploads\/2026\/04\/IMG_20260407_142312_267.webp\" alt=\"\" srcset=\"https:\/\/hovawartzucht.de\/wp-content\/uploads\/2026\/04\/IMG_20260407_142312_267.webp 1080w, https:\/\/hovawartzucht.de\/wp-content\/uploads\/2026\/04\/IMG_20260407_142312_267-169x300.webp 169w, https:\/\/hovawartzucht.de\/wp-content\/uploads\/2026\/04\/IMG_20260407_142312_267-576x1024.webp 576w, https:\/\/hovawartzucht.de\/wp-content\/uploads\/2026\/04\/IMG_20260407_142312_267-768x1365.webp 768w, https:\/\/hovawartzucht.de\/wp-content\/uploads\/2026\/04\/IMG_20260407_142312_267-864x1536.webp 864w\" sizes=\"auto, (max-width: 100px) 100vw, 100px\" \/> <img loading=\"lazy\" decoding=\"async\" width=\"125\" height=\"181\" class=\"wp-image-8810\" style=\"width: 125px;\" src=\"https:\/\/hovawartzucht.de\/wp-content\/uploads\/2026\/04\/Screenshot_20260410_015110_Canva.jpg\" alt=\"\" srcset=\"https:\/\/hovawartzucht.de\/wp-content\/uploads\/2026\/04\/Screenshot_20260410_015110_Canva.jpg 1041w, https:\/\/hovawartzucht.de\/wp-content\/uploads\/2026\/04\/Screenshot_20260410_015110_Canva-207x300.jpg 207w, https:\/\/hovawartzucht.de\/wp-content\/uploads\/2026\/04\/Screenshot_20260410_015110_Canva-706x1024.jpg 706w, https:\/\/hovawartzucht.de\/wp-content\/uploads\/2026\/04\/Screenshot_20260410_015110_Canva-768x1113.jpg 768w\" sizes=\"auto, (max-width: 125px) 100vw, 125px\" \/> <img loading=\"lazy\" decoding=\"async\" width=\"123\" height=\"184\" class=\"wp-image-8790\" style=\"width: 123px;\" src=\"https:\/\/hovawartzucht.de\/wp-content\/uploads\/2026\/04\/1000332876-002-scaled.jpg\" alt=\"\" srcset=\"https:\/\/hovawartzucht.de\/wp-content\/uploads\/2026\/04\/1000332876-002-scaled.jpg 1714w, https:\/\/hovawartzucht.de\/wp-content\/uploads\/2026\/04\/1000332876-002-201x300.jpg 201w, https:\/\/hovawartzucht.de\/wp-content\/uploads\/2026\/04\/1000332876-002-686x1024.jpg 686w, https:\/\/hovawartzucht.de\/wp-content\/uploads\/2026\/04\/1000332876-002-768x1147.jpg 768w, https:\/\/hovawartzucht.de\/wp-content\/uploads\/2026\/04\/1000332876-002-1028x1536.jpg 1028w, https:\/\/hovawartzucht.de\/wp-content\/uploads\/2026\/04\/1000332876-002-1371x2048.jpg 1371w\" sizes=\"auto, (max-width: 123px) 100vw, 123px\" \/><\/p>\n\n\n\n<hr class=\"wp-block-separator has-alpha-channel-opacity\"\/>\n\n\n\n<p>Kiki&#8217;s Sohn <strong>Nordstar<\/strong> konnte am vergangenen Osterwochenende an einige Anwartschaften gelangen: auf der IHA in Luxembourg bekam er <strong>2x Excellent 1, 2x CACL, 2x CACIB, Crufts Qualifikation<\/strong>. Er darf nun den Titel <strong>Luxemboug-Champion<\/strong> tragen.<br><em>Gratuliere herzlich!<\/em><\/p>\n\n\n\n<hr class=\"wp-block-separator has-alpha-channel-opacity\"\/>\n\n\n\n<p>In der Nacht vom 7. auf den 8.3.2026 und am 8.3.2026 wurde Kiki von <strong>ELENDI<\/strong>L<br>N\u00e4he Prag\/CZ gedeckt. Wir freuen uns auf h\u00fcbsche Welpen aus dieser prima Verpaarung in allen Hovawartfarben, wie schwarzmarken, blond und schwarz um den<br><strong>Muttertag, 10.5.2026<\/strong>. Unten: Kiki &amp; Elendil.<br><img loading=\"lazy\" decoding=\"async\" width=\"250\" height=\"142\" class=\"wp-image-8675\" style=\"width: 250px;\" src=\"https:\/\/hovawartzucht.de\/wp-content\/uploads\/2026\/03\/DSC_3137-scaled.jpg\" alt=\"\" srcset=\"https:\/\/hovawartzucht.de\/wp-content\/uploads\/2026\/03\/DSC_3137-scaled.jpg 2560w, https:\/\/hovawartzucht.de\/wp-content\/uploads\/2026\/03\/DSC_3137-300x170.jpg 300w, https:\/\/hovawartzucht.de\/wp-content\/uploads\/2026\/03\/DSC_3137-1024x580.jpg 1024w, https:\/\/hovawartzucht.de\/wp-content\/uploads\/2026\/03\/DSC_3137-768x435.jpg 768w, https:\/\/hovawartzucht.de\/wp-content\/uploads\/2026\/03\/DSC_3137-1536x870.jpg 1536w, https:\/\/hovawartzucht.de\/wp-content\/uploads\/2026\/03\/DSC_3137-2048x1160.jpg 2048w, https:\/\/hovawartzucht.de\/wp-content\/uploads\/2026\/03\/DSC_3137-500x283.jpg 500w\" sizes=\"auto, (max-width: 250px) 100vw, 250px\" \/> <img loading=\"lazy\" decoding=\"async\" width=\"215\" height=\"143\" class=\"wp-image-8677\" style=\"width: 215px;\" src=\"https:\/\/hovawartzucht.de\/wp-content\/uploads\/2026\/03\/Elendil7.jpeg\" alt=\"\" srcset=\"https:\/\/hovawartzucht.de\/wp-content\/uploads\/2026\/03\/Elendil7.jpeg 1600w, https:\/\/hovawartzucht.de\/wp-content\/uploads\/2026\/03\/Elendil7-300x200.jpeg 300w, https:\/\/hovawartzucht.de\/wp-content\/uploads\/2026\/03\/Elendil7-1024x682.jpeg 1024w, https:\/\/hovawartzucht.de\/wp-content\/uploads\/2026\/03\/Elendil7-768x512.jpeg 768w, https:\/\/hovawartzucht.de\/wp-content\/uploads\/2026\/03\/Elendil7-1536x1023.jpeg 1536w, https:\/\/hovawartzucht.de\/wp-content\/uploads\/2026\/03\/Elendil7-450x300.jpeg 450w\" sizes=\"auto, (max-width: 215px) 100vw, 215px\" \/><br>Mehr \u00fcber den h\u00fcbschen, rabenschwarzen Vater findet ihr unter <a href=\"https:\/\/hovawartzucht.de\/?page_id=8437\" data-type=\"page\" data-id=\"8437\"><strong>P-Wurf<\/strong><\/a>. Mehr \u00fcber die zuk\u00fcnftige Mutter, unsere Kiki, unter <a href=\"https:\/\/hovawartzucht.de\/?page_id=4495\" data-type=\"page\" data-id=\"4495\"><strong>Klassik WWS<\/strong><\/a>. Unser herzliches Dankesch\u00f6n geht an die R\u00fcden-Besitzer nach Italien und Tschechien mit aller Flexibilit\u00e4t, ihren Hilfen, ihren Rat und ihre Tat sowie an aller Gastfreundschaften. Dankesch\u00f6n \ud83d\ude42<\/p>\n\n\n\n<div class=\"wp-block-buttons is-content-justification-center is-layout-flex wp-container-core-buttons-is-layout-2 wp-block-buttons-is-layout-flex\">\n<div class=\"wp-block-button\"><a class=\"wp-block-button__link wp-element-button\">Mehr Infos? Fragt gerne.<\/a><\/div>\n<\/div>\n\n\n\n<hr class=\"wp-block-separator has-alpha-channel-opacity\"\/>\n\n\n\n<p>Der schwarze Elendil (Tschechische Republik) wird intensiv im F\u00e4hrtenbereich<br>ausgebildet und hat einige Erfolge erzielt, siehe <a href=\"https:\/\/hovawartzucht.de\/?page_id=8437\" data-type=\"page\" data-id=\"8437\">P-Wurf<\/a>. Bereits im September 2025 erweckte er meine Aufmerksamkeit und ich verfolgte seinen ersten Wurf, der in der<br>CZ-Zuchtst\u00e4tte &#8222;Daimar&#8220; das Leben erblickte.<br><img decoding=\"async\" class=\"wp-image-8554\" style=\"width: 280px;\" src=\"https:\/\/hovawartzucht.de\/wp-content\/uploads\/2026\/01\/1000305921-002.jpg\" alt=\"\"> <img loading=\"lazy\" decoding=\"async\" width=\"250\" height=\"188\" class=\"wp-image-8567\" style=\"width: 250px;\" src=\"https:\/\/hovawartzucht.de\/wp-content\/uploads\/2026\/01\/Elendil3-scaled.jpeg\" alt=\"\" srcset=\"https:\/\/hovawartzucht.de\/wp-content\/uploads\/2026\/01\/Elendil3-scaled.jpeg 2560w, https:\/\/hovawartzucht.de\/wp-content\/uploads\/2026\/01\/Elendil3-300x225.jpeg 300w, https:\/\/hovawartzucht.de\/wp-content\/uploads\/2026\/01\/Elendil3-1024x769.jpeg 1024w, https:\/\/hovawartzucht.de\/wp-content\/uploads\/2026\/01\/Elendil3-768x577.jpeg 768w, https:\/\/hovawartzucht.de\/wp-content\/uploads\/2026\/01\/Elendil3-1536x1153.jpeg 1536w, https:\/\/hovawartzucht.de\/wp-content\/uploads\/2026\/01\/Elendil3-2048x1538.jpeg 2048w, https:\/\/hovawartzucht.de\/wp-content\/uploads\/2026\/01\/Elendil3-400x300.jpeg 400w\" sizes=\"auto, (max-width: 250px) 100vw, 250px\" \/><br>Wir denken, dass diese R\u00fcden mit Kiki ein harmonisches Match ergeben. Insbesondere mit Ihrem freundlichen, aufgeschlossenen Wesen passen die beiden hervorragend in meine Zuchtphilosophie. <strong>\u00dcbrigens:<\/strong> wir erwarten einen Wurf mit allen drei Hovawartfarben \ud83d\ude42<\/p>\n\n\n\n<hr class=\"wp-block-separator has-alpha-channel-opacity\"\/>\n\n\n\n<p>Im Laufe der Woche wurde <strong>Ombra&#8217;s<\/strong> und <strong>Orlando`s<\/strong> Ergebnis bekannt. Wir freuen uns \u00fcber <strong>HD-freie H\u00fcften, B1<\/strong>.<\/p>\n\n\n\n<hr class=\"wp-block-separator has-alpha-channel-opacity\"\/>\n\n\n\n<p>Wie im letzten Jahr geplant, hat der Klassiker eines &#8222;Schneetreffens&#8220; von Mutter &amp; Sohn spontan im Folgejahr, quasi heute, am 3. Januar 2026, stattgefunden:<br>im sch\u00f6nen <strong>Spessart <\/strong>haben wir uns mit <strong>Nordstar &amp; Mama Kiki<\/strong> bei eisigen Temperaturen und einem \u00e4usserst unangenehmen Wind getroffen und wiedergesehen.<br>Es g\u00e4be eine h\u00fcbsche, dabbige Geschichte zu erz\u00e4hlen&#8230;wie Autoschl\u00fcssel im Auto liegen lassen, H\u00e4nde fast abgefroren. Aber den Abschnitt lassen wir besser weg&#8230; .<br>Wir liessen den Nachmittag in der <strong><a href=\"https:\/\/www.landgasthaus-nickelsmuehle.de\/\" data-type=\"link\" data-id=\"https:\/\/www.landgasthaus-nickelsmuehle.de\/\">Nickelsm\u00fchle <\/a><\/strong>mit einem leckeren Abendessen f\u00fcr uns &#8222;tapferen Krieger&#8220; ausklingen. Mutter &amp; Sohn lagen unterm Tisch und wurden von der Wirtin mit grossem Hundeherz noch doll geherzt f\u00fcr Ihren Besuch und einwandfreiem Benehmen!<br><img loading=\"lazy\" decoding=\"async\" width=\"200\" height=\"289\" class=\"wp-image-8500\" style=\"width: 200px;\" src=\"https:\/\/hovawartzucht.de\/wp-content\/uploads\/2026\/01\/DSC_1008-scaled.jpg\" alt=\"\" srcset=\"https:\/\/hovawartzucht.de\/wp-content\/uploads\/2026\/01\/DSC_1008-scaled.jpg 1771w, https:\/\/hovawartzucht.de\/wp-content\/uploads\/2026\/01\/DSC_1008-208x300.jpg 208w, https:\/\/hovawartzucht.de\/wp-content\/uploads\/2026\/01\/DSC_1008-709x1024.jpg 709w, https:\/\/hovawartzucht.de\/wp-content\/uploads\/2026\/01\/DSC_1008-768x1110.jpg 768w, https:\/\/hovawartzucht.de\/wp-content\/uploads\/2026\/01\/DSC_1008-1063x1536.jpg 1063w, https:\/\/hovawartzucht.de\/wp-content\/uploads\/2026\/01\/DSC_1008-1417x2048.jpg 1417w\" sizes=\"auto, (max-width: 200px) 100vw, 200px\" \/> <img loading=\"lazy\" decoding=\"async\" width=\"380\" height=\"263\" class=\"wp-image-8499\" style=\"width: 380px;\" src=\"https:\/\/hovawartzucht.de\/wp-content\/uploads\/2026\/01\/DSC_0965-scaled.jpg\" alt=\"\" srcset=\"https:\/\/hovawartzucht.de\/wp-content\/uploads\/2026\/01\/DSC_0965-scaled.jpg 2560w, https:\/\/hovawartzucht.de\/wp-content\/uploads\/2026\/01\/DSC_0965-300x207.jpg 300w, https:\/\/hovawartzucht.de\/wp-content\/uploads\/2026\/01\/DSC_0965-1024x708.jpg 1024w, https:\/\/hovawartzucht.de\/wp-content\/uploads\/2026\/01\/DSC_0965-768x531.jpg 768w, https:\/\/hovawartzucht.de\/wp-content\/uploads\/2026\/01\/DSC_0965-1536x1062.jpg 1536w, https:\/\/hovawartzucht.de\/wp-content\/uploads\/2026\/01\/DSC_0965-2048x1416.jpg 2048w, https:\/\/hovawartzucht.de\/wp-content\/uploads\/2026\/01\/DSC_0965-434x300.jpg 434w\" sizes=\"auto, (max-width: 380px) 100vw, 380px\" \/><\/p>\n\n\n\n<hr class=\"wp-block-separator has-alpha-channel-opacity\"\/>\n\n\n\n<p><img loading=\"lazy\" decoding=\"async\" width=\"500\" height=\"750\" class=\"wp-image-8405\" style=\"width: 500px;\" src=\"https:\/\/hovawartzucht.de\/wp-content\/uploads\/2025\/12\/IMG-20251223-WA00201.jpg\" alt=\"\" srcset=\"https:\/\/hovawartzucht.de\/wp-content\/uploads\/2025\/12\/IMG-20251223-WA00201.jpg 1024w, https:\/\/hovawartzucht.de\/wp-content\/uploads\/2025\/12\/IMG-20251223-WA00201-200x300.jpg 200w, https:\/\/hovawartzucht.de\/wp-content\/uploads\/2025\/12\/IMG-20251223-WA00201-683x1024.jpg 683w, https:\/\/hovawartzucht.de\/wp-content\/uploads\/2025\/12\/IMG-20251223-WA00201-768x1152.jpg 768w\" sizes=\"auto, (max-width: 500px) 100vw, 500px\" \/><br><br>&#x2728;&#xfe0f; <strong>Wir w\u00fcnschen allen Besuchern, unseren Welpenbesitzern, den ehemaligen neben den neuen Familien und Liebhabern dieser wunderbaren Hunderasse einen wundersch\u00f6nes, zufriedenes und gesundes 2026<\/strong>&#x2728;&#xfe0f;<\/p>\n\n\n\n<hr class=\"wp-block-separator has-alpha-channel-opacity\"\/>\n\n\n\n<p><\/p>\n","protected":false},"excerpt":{"rendered":"<p>Der P-Wurf vom Wildweibchenstein wird am 10. Mai erwartet.F\u00fcr Welpen-Anfragen d\u00fcrft Ihr gerne unser Kontaktformular nutzen.Es ist auch m\u00f6chtich, uns eine WhatsApp zu senden, per Anruf oder dem Messenger zu kontaktieren. Wir freuen und. Vielen Dank daf\u00fcr. Wir verbrachten ein &hellip; <a href=\"https:\/\/hovawartzucht.de\/?page_id=8490\">Weiterlesen <span class=\"meta-nav\">&rarr;<\/span><\/a><\/p>\n","protected":false},"author":1,"featured_media":0,"parent":0,"menu_order":0,"comment_status":"closed","ping_status":"closed","template":"","meta":{"footnotes":""},"class_list":["post-8490","page","type-page","status-publish","hentry"],"_links":{"self":[{"href":"https:\/\/hovawartzucht.de\/index.php?rest_route=\/wp\/v2\/pages\/8490","targetHints":{"allow":["GET"]}}],"collection":[{"href":"https:\/\/hovawartzucht.de\/index.php?rest_route=\/wp\/v2\/pages"}],"about":[{"href":"https:\/\/hovawartzucht.de\/index.php?rest_route=\/wp\/v2\/types\/page"}],"author":[{"embeddable":true,"href":"https:\/\/hovawartzucht.de\/index.php?rest_route=\/wp\/v2\/users\/1"}],"replies":[{"embeddable":true,"href":"https:\/\/hovawartzucht.de\/index.php?rest_route=%2Fwp%2Fv2%2Fcomments&post=8490"}],"version-history":[{"count":67,"href":"https:\/\/hovawartzucht.de\/index.php?rest_route=\/wp\/v2\/pages\/8490\/revisions"}],"predecessor-version":[{"id":8874,"href":"https:\/\/hovawartzucht.de\/index.php?rest_route=\/wp\/v2\/pages\/8490\/revisions\/8874"}],"wp:attachment":[{"href":"https:\/\/hovawartzucht.de\/index.php?rest_route=%2Fwp%2Fv2%2Fmedia&parent=8490"}],"curies":[{"name":"wp","href":"https:\/\/api.w.org\/{rel}","templated":true}]}}