{"id":434,"date":"2016-07-09T18:02:53","date_gmt":"2016-07-09T18:02:53","guid":{"rendered":"http:\/\/hovawartzucht.de\/?page_id=434"},"modified":"2023-01-02T12:35:14","modified_gmt":"2023-01-02T12:35:14","slug":"a-wurf","status":"publish","type":"page","link":"https:\/\/hovawartzucht.de\/?page_id=434","title":{"rendered":"A-Wurf"},"content":{"rendered":"<p><strong>Aldo vom Deichselbachtal, <\/strong>blond<strong> x Branca von der Goldkutte,<\/strong> sm<br \/>\ngeb. 20. November 1997\u00a0 \/\u00a0 Leistungszucht\u00a0 \/\u00a0 3 H\u00fc, 6 R\u00fc<\/p>\n<p><strong>Anca<\/strong>, H\u00fc, sm<br \/>\nStammh\u00fcndin &#8222;vom Schlumberland&#8220;<\/p>\n<p><strong>Akira<\/strong>, H\u00fc, blond<\/p>\n<p><strong>Anuschka<\/strong>, H\u00fc, blond<\/p>\n<p><strong>Andor<\/strong>, R\u00fc, blond<\/p>\n<p><strong>Artig<\/strong>, R\u00fc, blond<\/p>\n<p><strong>Asti<\/strong>, R\u00fc, blond<\/p>\n<p><strong>Attila<\/strong>, R\u00fc, blond<\/p>\n<p><strong>Avalon<\/strong>, R\u00fc, blond<\/p>\n","protected":false},"excerpt":{"rendered":"<p>Aldo vom Deichselbachtal, blond x Branca von der Goldkutte, sm geb. 20. November 1997\u00a0 \/\u00a0 Leistungszucht\u00a0 \/\u00a0 3 H\u00fc, 6 R\u00fc Anca, H\u00fc, sm Stammh\u00fcndin &#8222;vom Schlumberland&#8220; Akira, H\u00fc, blond Anuschka, H\u00fc, blond Andor, R\u00fc, blond Artig, R\u00fc, blond Asti, &hellip; <a href=\"https:\/\/hovawartzucht.de\/?page_id=434\">Weiterlesen <span class=\"meta-nav\">&rarr;<\/span><\/a><\/p>\n","protected":false},"author":1,"featured_media":0,"parent":0,"menu_order":0,"comment_status":"closed","ping_status":"closed","template":"","meta":{"footnotes":""},"class_list":["post-434","page","type-page","status-publish","hentry"],"_links":{"self":[{"href":"https:\/\/hovawartzucht.de\/index.php?rest_route=\/wp\/v2\/pages\/434","targetHints":{"allow":["GET"]}}],"collection":[{"href":"https:\/\/hovawartzucht.de\/index.php?rest_route=\/wp\/v2\/pages"}],"about":[{"href":"https:\/\/hovawartzucht.de\/index.php?rest_route=\/wp\/v2\/types\/page"}],"author":[{"embeddable":true,"href":"https:\/\/hovawartzucht.de\/index.php?rest_route=\/wp\/v2\/users\/1"}],"replies":[{"embeddable":true,"href":"https:\/\/hovawartzucht.de\/index.php?rest_route=%2Fwp%2Fv2%2Fcomments&post=434"}],"version-history":[{"count":6,"href":"https:\/\/hovawartzucht.de\/index.php?rest_route=\/wp\/v2\/pages\/434\/revisions"}],"predecessor-version":[{"id":6214,"href":"https:\/\/hovawartzucht.de\/index.php?rest_route=\/wp\/v2\/pages\/434\/revisions\/6214"}],"wp:attachment":[{"href":"https:\/\/hovawartzucht.de\/index.php?rest_route=%2Fwp%2Fv2%2Fmedia&parent=434"}],"curies":[{"name":"wp","href":"https:\/\/api.w.org\/{rel}","templated":true}]}}